{"id":14,"date":"2015-07-07T11:25:55","date_gmt":"2015-07-07T11:25:55","guid":{"rendered":"https:\/\/hn-isolering2025.185-210-177-47.mpf2.medieplanfyn.dk\/?page_id=14"},"modified":"2026-04-07T06:17:43","modified_gmt":"2026-04-07T06:17:43","slug":"om-os","status":"publish","type":"page","link":"https:\/\/hn-isolering.dk\/?page_id=14","title":{"rendered":"Om os"},"content":{"rendered":"<div  class='flex_column av-av_one_full-2a9015ff38129c418a3f2eafba3e9512 av_one_full  avia-builder-el-0  avia-builder-el-no-sibling  first flex_column_div  '     ><section  class='av_textblock_section av-av_textblock-0366cc7376be6c9e82a3e9cc8987b64f '   itemscope=\"itemscope\" itemtype=\"https:\/\/schema.org\/CreativeWork\" ><div class='avia_textblock'  itemprop=\"text\" ><h1>Om os<\/h1>\n<\/div><\/section><br \/>\n<div  class='hr av-av_hr-dcd2069817a0e3d34ae04cad8f3443c7 hr-default  avia-builder-el-2  el_after_av_textblock  el_before_av_textblock '><span class='hr-inner '><span class=\"hr-inner-style\"><\/span><\/span><\/div><br \/>\n<section  class='av_textblock_section av-av_textblock-0366cc7376be6c9e82a3e9cc8987b64f '   itemscope=\"itemscope\" itemtype=\"https:\/\/schema.org\/CreativeWork\" ><div class='avia_textblock'  itemprop=\"text\" ><p>HN Isolering blev etableret i 1992 \u2013 og har s\u00e5ledes eksisteret i 23 \u00e5r.<\/p>\n<p>Indehaver er Michael Staun Jensen.<\/p>\n<p>Vi har til huse p\u00e5 Lindevej 5 i Lindved \u2013 7100 Vejle.<\/p>\n<p>Vores form\u00e5l har hele tiden v\u00e6ret klokkeklart, nemlig at levere ydelser p\u00e5 et h\u00f8jt h\u00e5ndv\u00e6rksm\u00e6ssigt niveau til privat- og erhvervskunder.<\/p>\n<p>Og selv om vi er en mindre virksomhed, s\u00e5 har vi gennem \u00e5rene l\u00f8st et v\u00e6ld af b\u00e5de sm\u00e5 og store opgaver for vore kunder.<\/p>\n<p>Har du ideen \u2013 s\u00e5 har vi l\u00f8sningen.<\/p>\n<p>Uanset hvilken form for isolering du har behov for.<\/p>\n<p>Alt sammen baseret p\u00e5 autoriseret arbejde, hvor vi med faglig stolthed kan st\u00e5 inde for den h\u00e5ndv\u00e6rksm\u00e6ssige kvalitet.<\/p>\n<p>Og selv om vi har mange \u00e5r p\u00e5 bagen, s\u00e5 er vort fokus p\u00e5 kundepleje u\u00e6ndret.<\/p>\n<p>At have tilfredse kunder, som kommer igen og igen, er nemlig fundamentet i vores virksomhed.<\/p>\n<\/div><\/section><\/p><\/div>\n","protected":false},"excerpt":{"rendered":"","protected":false},"author":3,"featured_media":0,"parent":0,"menu_order":20,"comment_status":"closed","ping_status":"closed","template":"","meta":{"footnotes":""},"class_list":["post-14","page","type-page","status-publish","hentry"],"yoast_head":"<!-- This site is optimized with the Yoast SEO plugin v27.3 - https:\/\/yoast.com\/product\/yoast-seo-wordpress\/ -->\n<title>HN Isolering - Har du ideen \u2013 s\u00e5 har vi l\u00f8sningen<\/title>\n<meta name=\"description\" content=\"HN Isolering levere ydelser p\u00e5 et h\u00f8jt h\u00e5ndv\u00e6rksm\u00e6ssigt niveau til privat- og erhvervskunder. Uanset hvilken form for isolering du har behov for.\" \/>\n<meta name=\"robots\" content=\"index, follow, max-snippet:-1, max-image-preview:large, max-video-preview:-1\" \/>\n<link rel=\"canonical\" href=\"https:\/\/hn-isolering.dk\/?page_id=14\" \/>\n<meta property=\"og:locale\" content=\"da_DK\" \/>\n<meta property=\"og:type\" content=\"article\" \/>\n<meta property=\"og:title\" content=\"HN Isolering - Har du ideen \u2013 s\u00e5 har vi l\u00f8sningen\" \/>\n<meta property=\"og:description\" content=\"HN Isolering levere ydelser p\u00e5 et h\u00f8jt h\u00e5ndv\u00e6rksm\u00e6ssigt niveau til privat- og erhvervskunder. Uanset hvilken form for isolering du har behov for.\" \/>\n<meta property=\"og:url\" content=\"https:\/\/hn-isolering.dk\/?page_id=14\" \/>\n<meta property=\"og:site_name\" content=\"HN Isolering\" \/>\n<meta property=\"article:modified_time\" content=\"2026-04-07T06:17:43+00:00\" \/>\n<meta name=\"twitter:card\" content=\"summary_large_image\" \/>\n<meta name=\"twitter:label1\" content=\"Estimeret l\u00e6setid\" \/>\n\t<meta name=\"twitter:data1\" content=\"1 minut\" \/>\n<script type=\"application\/ld+json\" class=\"yoast-schema-graph\">{\"@context\":\"https:\\\/\\\/schema.org\",\"@graph\":[{\"@type\":\"WebPage\",\"@id\":\"https:\\\/\\\/hn-isolering.dk\\\/?page_id=14\",\"url\":\"https:\\\/\\\/hn-isolering.dk\\\/?page_id=14\",\"name\":\"HN Isolering - Har du ideen \u2013 s\u00e5 har vi l\u00f8sningen\",\"isPartOf\":{\"@id\":\"https:\\\/\\\/hn-isolering.dk\\\/#website\"},\"datePublished\":\"2015-07-07T11:25:55+00:00\",\"dateModified\":\"2026-04-07T06:17:43+00:00\",\"description\":\"HN Isolering levere ydelser p\u00e5 et h\u00f8jt h\u00e5ndv\u00e6rksm\u00e6ssigt niveau til privat- og erhvervskunder. Uanset hvilken form for isolering du har behov for.\",\"breadcrumb\":{\"@id\":\"https:\\\/\\\/hn-isolering.dk\\\/?page_id=14#breadcrumb\"},\"inLanguage\":\"da-DK\",\"potentialAction\":[{\"@type\":\"ReadAction\",\"target\":[\"https:\\\/\\\/hn-isolering.dk\\\/?page_id=14\"]}]},{\"@type\":\"BreadcrumbList\",\"@id\":\"https:\\\/\\\/hn-isolering.dk\\\/?page_id=14#breadcrumb\",\"itemListElement\":[{\"@type\":\"ListItem\",\"position\":1,\"name\":\"Hjem\",\"item\":\"https:\\\/\\\/hn-isolering.dk\\\/?page_id=11\"},{\"@type\":\"ListItem\",\"position\":2,\"name\":\"Om os\"}]},{\"@type\":\"WebSite\",\"@id\":\"https:\\\/\\\/hn-isolering.dk\\\/#website\",\"url\":\"https:\\\/\\\/hn-isolering.dk\\\/\",\"name\":\"HN Isolering\",\"description\":\"Plade- og kappeisolering, Varmeisolering og Brandisolering i Vejle\",\"potentialAction\":[{\"@type\":\"SearchAction\",\"target\":{\"@type\":\"EntryPoint\",\"urlTemplate\":\"https:\\\/\\\/hn-isolering.dk\\\/?s={search_term_string}\"},\"query-input\":{\"@type\":\"PropertyValueSpecification\",\"valueRequired\":true,\"valueName\":\"search_term_string\"}}],\"inLanguage\":\"da-DK\"}]}<\/script>\n<!-- \/ Yoast SEO plugin. -->","yoast_head_json":{"title":"HN Isolering - Har du ideen \u2013 s\u00e5 har vi l\u00f8sningen","description":"HN Isolering levere ydelser p\u00e5 et h\u00f8jt h\u00e5ndv\u00e6rksm\u00e6ssigt niveau til privat- og erhvervskunder. Uanset hvilken form for isolering du har behov for.","robots":{"index":"index","follow":"follow","max-snippet":"max-snippet:-1","max-image-preview":"max-image-preview:large","max-video-preview":"max-video-preview:-1"},"canonical":"https:\/\/hn-isolering.dk\/?page_id=14","og_locale":"da_DK","og_type":"article","og_title":"HN Isolering - Har du ideen \u2013 s\u00e5 har vi l\u00f8sningen","og_description":"HN Isolering levere ydelser p\u00e5 et h\u00f8jt h\u00e5ndv\u00e6rksm\u00e6ssigt niveau til privat- og erhvervskunder. Uanset hvilken form for isolering du har behov for.","og_url":"https:\/\/hn-isolering.dk\/?page_id=14","og_site_name":"HN Isolering","article_modified_time":"2026-04-07T06:17:43+00:00","twitter_card":"summary_large_image","twitter_misc":{"Estimeret l\u00e6setid":"1 minut"},"schema":{"@context":"https:\/\/schema.org","@graph":[{"@type":"WebPage","@id":"https:\/\/hn-isolering.dk\/?page_id=14","url":"https:\/\/hn-isolering.dk\/?page_id=14","name":"HN Isolering - Har du ideen \u2013 s\u00e5 har vi l\u00f8sningen","isPartOf":{"@id":"https:\/\/hn-isolering.dk\/#website"},"datePublished":"2015-07-07T11:25:55+00:00","dateModified":"2026-04-07T06:17:43+00:00","description":"HN Isolering levere ydelser p\u00e5 et h\u00f8jt h\u00e5ndv\u00e6rksm\u00e6ssigt niveau til privat- og erhvervskunder. Uanset hvilken form for isolering du har behov for.","breadcrumb":{"@id":"https:\/\/hn-isolering.dk\/?page_id=14#breadcrumb"},"inLanguage":"da-DK","potentialAction":[{"@type":"ReadAction","target":["https:\/\/hn-isolering.dk\/?page_id=14"]}]},{"@type":"BreadcrumbList","@id":"https:\/\/hn-isolering.dk\/?page_id=14#breadcrumb","itemListElement":[{"@type":"ListItem","position":1,"name":"Hjem","item":"https:\/\/hn-isolering.dk\/?page_id=11"},{"@type":"ListItem","position":2,"name":"Om os"}]},{"@type":"WebSite","@id":"https:\/\/hn-isolering.dk\/#website","url":"https:\/\/hn-isolering.dk\/","name":"HN Isolering","description":"Plade- og kappeisolering, Varmeisolering og Brandisolering i Vejle","potentialAction":[{"@type":"SearchAction","target":{"@type":"EntryPoint","urlTemplate":"https:\/\/hn-isolering.dk\/?s={search_term_string}"},"query-input":{"@type":"PropertyValueSpecification","valueRequired":true,"valueName":"search_term_string"}}],"inLanguage":"da-DK"}]}},"_links":{"self":[{"href":"https:\/\/hn-isolering.dk\/index.php?rest_route=\/wp\/v2\/pages\/14","targetHints":{"allow":["GET"]}}],"collection":[{"href":"https:\/\/hn-isolering.dk\/index.php?rest_route=\/wp\/v2\/pages"}],"about":[{"href":"https:\/\/hn-isolering.dk\/index.php?rest_route=\/wp\/v2\/types\/page"}],"author":[{"embeddable":true,"href":"https:\/\/hn-isolering.dk\/index.php?rest_route=\/wp\/v2\/users\/3"}],"replies":[{"embeddable":true,"href":"https:\/\/hn-isolering.dk\/index.php?rest_route=%2Fwp%2Fv2%2Fcomments&post=14"}],"version-history":[{"count":2,"href":"https:\/\/hn-isolering.dk\/index.php?rest_route=\/wp\/v2\/pages\/14\/revisions"}],"predecessor-version":[{"id":79,"href":"https:\/\/hn-isolering.dk\/index.php?rest_route=\/wp\/v2\/pages\/14\/revisions\/79"}],"wp:attachment":[{"href":"https:\/\/hn-isolering.dk\/index.php?rest_route=%2Fwp%2Fv2%2Fmedia&parent=14"}],"curies":[{"name":"wp","href":"https:\/\/api.w.org\/{rel}","templated":true}]}}