{"id":18,"date":"2015-07-07T11:27:27","date_gmt":"2015-07-07T11:27:27","guid":{"rendered":"https:\/\/hn-isolering2025.185-210-177-47.mpf2.medieplanfyn.dk\/?page_id=18"},"modified":"2026-04-07T06:17:43","modified_gmt":"2026-04-07T06:17:43","slug":"service","status":"publish","type":"page","link":"https:\/\/hn-isolering.dk\/?page_id=18","title":{"rendered":"Service"},"content":{"rendered":"<div  class='flex_column av-av_one_full-2a9015ff38129c418a3f2eafba3e9512 av_one_full  avia-builder-el-0  el_before_av_two_third  avia-builder-el-first  first flex_column_div  '     ><section  class='av_textblock_section av-av_textblock-0366cc7376be6c9e82a3e9cc8987b64f '   itemscope=\"itemscope\" itemtype=\"https:\/\/schema.org\/CreativeWork\" ><div class='avia_textblock'  itemprop=\"text\" ><h1 style=\"text-align: center;\">Service<\/h1>\n<\/div><\/section><br \/>\n<div  class='hr av-av_hr-dcd2069817a0e3d34ae04cad8f3443c7 hr-default  avia-builder-el-2  el_after_av_textblock  avia-builder-el-last '><span class='hr-inner '><span class=\"hr-inner-style\"><\/span><\/span><\/div><\/p><\/div>\n<div  class='flex_column av-av_two_third-2a9015ff38129c418a3f2eafba3e9512 av_two_third  avia-builder-el-3  el_after_av_one_full  el_before_av_one_third  first flex_column_div  column-top-margin'     ><section  class='av_textblock_section av-av_textblock-0366cc7376be6c9e82a3e9cc8987b64f '   itemscope=\"itemscope\" itemtype=\"https:\/\/schema.org\/CreativeWork\" ><div class='avia_textblock'  itemprop=\"text\" ><p>HN Isolering i Vejle har stor ekspertise i at servicere private og erhvervskunder.<\/p>\n<p>Hvis du \u00f8nsker at isolere eller at f\u00e5 efterisoleret, s\u00e5 er vi din professionelle samarbejdspartner. Det samme er tilf\u00e6ldet, hvis du blot \u00f8nsker at f\u00e5 et uforpligtende isoleringstjek.<\/p>\n<p>Som autoriseret isolat\u00f8r tager vores arbejde altid udgangspunkt i den enkelte kundes \u00f8nsker og behov \u2013 og ingen opgave er for lille eller stor.<\/p>\n<p>Vores service er baseret p\u00e5 et st\u00e6rkt og solidt h\u00e5ndv\u00e6rk, hvor der udelukkende anvendes anerkendte materialer. Vi er s\u00e5ledes din garant for h\u00e5ndv\u00e6rksm\u00e6ssig kvalitet.<\/p>\n<p>Du kan som privat boligejer f\u00e5 fradrag p\u00e5 l\u00f8nudgifter til din isolering. H\u00e5ndv\u00e6rker-udgiften gives som et ligningsm\u00e6ssigt fradrag p\u00e5 selvangivelsen. Det svarer til, at man f\u00e5r cirka en tredje del af l\u00f8nudgiften til h\u00e5ndv\u00e6rkerydelsen tilbage. Vi skal for en god ordens skyld g\u00f8re opm\u00e6rksom p\u00e5, at du selv skal s\u00f8ge om at f\u00e5 dit h\u00e5ndv\u00e6rkerfradrag.<\/p>\n<\/div><\/section><\/div>\n<div  class='flex_column av-av_one_third-eb9537ee683f4a660cd6980e383a136f av_one_third  avia-builder-el-5  el_after_av_two_third  avia-builder-el-last  flex_column_div  column-top-margin'     ><style type=\"text\/css\" data-created_by=\"avia_inline_auto\" id=\"style-css-av-av_font_icon-8d59f628cf7873b64fd1edf69c436d0f\">\n.av_font_icon.av-av_font_icon-8d59f628cf7873b64fd1edf69c436d0f{\ncolor:#dd1b25;\nborder-color:#dd1b25;\n}\n.avia-svg-icon.av-av_font_icon-8d59f628cf7873b64fd1edf69c436d0f svg:first-child{\nstroke:#dd1b25;\nfill:#dd1b25;\n}\n.av_font_icon.av-av_font_icon-8d59f628cf7873b64fd1edf69c436d0f .av-icon-char{\nfont-size:170px;\nline-height:170px;\nwidth:170px;\n}\n<\/style>\n<span  class='av_font_icon av-av_font_icon-8d59f628cf7873b64fd1edf69c436d0f avia_animate_when_visible av-icon-style-border avia-icon-pos-center avia-iconfont avia-font-entypo-fontello avia-icon-animate'><span class='av-icon-char' data-av_icon='\ue82b' data-av_iconfont='entypo-fontello' aria-hidden=\"true\" ><\/span><span class='av_icon_caption av-special-font'>HN Isolering k\u00f8rer ud til hele Danmark.<br \/>\nRing til os p\u00e5 telefonnummer 75 72 73 90.<br \/>\nS\u00e5 tager vi en uforpligtende snak om netop dine behov og \u00f8nsker.<\/span><\/span><\/div>\n","protected":false},"excerpt":{"rendered":"","protected":false},"author":3,"featured_media":0,"parent":0,"menu_order":40,"comment_status":"closed","ping_status":"closed","template":"","meta":{"footnotes":""},"class_list":["post-18","page","type-page","status-publish","hentry"],"yoast_head":"<!-- This site is optimized with the Yoast SEO plugin v27.3 - https:\/\/yoast.com\/product\/yoast-seo-wordpress\/ -->\n<title>Service - HN Isolering<\/title>\n<meta name=\"robots\" content=\"index, follow, max-snippet:-1, max-image-preview:large, max-video-preview:-1\" \/>\n<link rel=\"canonical\" href=\"https:\/\/hn-isolering.dk\/?page_id=18\" \/>\n<meta property=\"og:locale\" content=\"da_DK\" \/>\n<meta property=\"og:type\" content=\"article\" \/>\n<meta property=\"og:title\" content=\"Service - HN Isolering\" \/>\n<meta property=\"og:url\" content=\"https:\/\/hn-isolering.dk\/?page_id=18\" \/>\n<meta property=\"og:site_name\" content=\"HN Isolering\" \/>\n<meta property=\"article:modified_time\" content=\"2026-04-07T06:17:43+00:00\" \/>\n<meta name=\"twitter:card\" content=\"summary_large_image\" \/>\n<meta name=\"twitter:label1\" content=\"Estimeret l\u00e6setid\" \/>\n\t<meta name=\"twitter:data1\" content=\"2 minutter\" \/>\n<script type=\"application\/ld+json\" class=\"yoast-schema-graph\">{\"@context\":\"https:\\\/\\\/schema.org\",\"@graph\":[{\"@type\":\"WebPage\",\"@id\":\"https:\\\/\\\/hn-isolering.dk\\\/?page_id=18\",\"url\":\"https:\\\/\\\/hn-isolering.dk\\\/?page_id=18\",\"name\":\"Service - HN Isolering\",\"isPartOf\":{\"@id\":\"https:\\\/\\\/hn-isolering.dk\\\/#website\"},\"datePublished\":\"2015-07-07T11:27:27+00:00\",\"dateModified\":\"2026-04-07T06:17:43+00:00\",\"breadcrumb\":{\"@id\":\"https:\\\/\\\/hn-isolering.dk\\\/?page_id=18#breadcrumb\"},\"inLanguage\":\"da-DK\",\"potentialAction\":[{\"@type\":\"ReadAction\",\"target\":[\"https:\\\/\\\/hn-isolering.dk\\\/?page_id=18\"]}]},{\"@type\":\"BreadcrumbList\",\"@id\":\"https:\\\/\\\/hn-isolering.dk\\\/?page_id=18#breadcrumb\",\"itemListElement\":[{\"@type\":\"ListItem\",\"position\":1,\"name\":\"Hjem\",\"item\":\"https:\\\/\\\/hn-isolering.dk\\\/?page_id=11\"},{\"@type\":\"ListItem\",\"position\":2,\"name\":\"Service\"}]},{\"@type\":\"WebSite\",\"@id\":\"https:\\\/\\\/hn-isolering.dk\\\/#website\",\"url\":\"https:\\\/\\\/hn-isolering.dk\\\/\",\"name\":\"HN Isolering\",\"description\":\"Plade- og kappeisolering, Varmeisolering og Brandisolering i Vejle\",\"potentialAction\":[{\"@type\":\"SearchAction\",\"target\":{\"@type\":\"EntryPoint\",\"urlTemplate\":\"https:\\\/\\\/hn-isolering.dk\\\/?s={search_term_string}\"},\"query-input\":{\"@type\":\"PropertyValueSpecification\",\"valueRequired\":true,\"valueName\":\"search_term_string\"}}],\"inLanguage\":\"da-DK\"}]}<\/script>\n<!-- \/ Yoast SEO plugin. -->","yoast_head_json":{"title":"Service - HN Isolering","robots":{"index":"index","follow":"follow","max-snippet":"max-snippet:-1","max-image-preview":"max-image-preview:large","max-video-preview":"max-video-preview:-1"},"canonical":"https:\/\/hn-isolering.dk\/?page_id=18","og_locale":"da_DK","og_type":"article","og_title":"Service - HN Isolering","og_url":"https:\/\/hn-isolering.dk\/?page_id=18","og_site_name":"HN Isolering","article_modified_time":"2026-04-07T06:17:43+00:00","twitter_card":"summary_large_image","twitter_misc":{"Estimeret l\u00e6setid":"2 minutter"},"schema":{"@context":"https:\/\/schema.org","@graph":[{"@type":"WebPage","@id":"https:\/\/hn-isolering.dk\/?page_id=18","url":"https:\/\/hn-isolering.dk\/?page_id=18","name":"Service - HN Isolering","isPartOf":{"@id":"https:\/\/hn-isolering.dk\/#website"},"datePublished":"2015-07-07T11:27:27+00:00","dateModified":"2026-04-07T06:17:43+00:00","breadcrumb":{"@id":"https:\/\/hn-isolering.dk\/?page_id=18#breadcrumb"},"inLanguage":"da-DK","potentialAction":[{"@type":"ReadAction","target":["https:\/\/hn-isolering.dk\/?page_id=18"]}]},{"@type":"BreadcrumbList","@id":"https:\/\/hn-isolering.dk\/?page_id=18#breadcrumb","itemListElement":[{"@type":"ListItem","position":1,"name":"Hjem","item":"https:\/\/hn-isolering.dk\/?page_id=11"},{"@type":"ListItem","position":2,"name":"Service"}]},{"@type":"WebSite","@id":"https:\/\/hn-isolering.dk\/#website","url":"https:\/\/hn-isolering.dk\/","name":"HN Isolering","description":"Plade- og kappeisolering, Varmeisolering og Brandisolering i Vejle","potentialAction":[{"@type":"SearchAction","target":{"@type":"EntryPoint","urlTemplate":"https:\/\/hn-isolering.dk\/?s={search_term_string}"},"query-input":{"@type":"PropertyValueSpecification","valueRequired":true,"valueName":"search_term_string"}}],"inLanguage":"da-DK"}]}},"_links":{"self":[{"href":"https:\/\/hn-isolering.dk\/index.php?rest_route=\/wp\/v2\/pages\/18","targetHints":{"allow":["GET"]}}],"collection":[{"href":"https:\/\/hn-isolering.dk\/index.php?rest_route=\/wp\/v2\/pages"}],"about":[{"href":"https:\/\/hn-isolering.dk\/index.php?rest_route=\/wp\/v2\/types\/page"}],"author":[{"embeddable":true,"href":"https:\/\/hn-isolering.dk\/index.php?rest_route=\/wp\/v2\/users\/3"}],"replies":[{"embeddable":true,"href":"https:\/\/hn-isolering.dk\/index.php?rest_route=%2Fwp%2Fv2%2Fcomments&post=18"}],"version-history":[{"count":5,"href":"https:\/\/hn-isolering.dk\/index.php?rest_route=\/wp\/v2\/pages\/18\/revisions"}],"predecessor-version":[{"id":93,"href":"https:\/\/hn-isolering.dk\/index.php?rest_route=\/wp\/v2\/pages\/18\/revisions\/93"}],"wp:attachment":[{"href":"https:\/\/hn-isolering.dk\/index.php?rest_route=%2Fwp%2Fv2%2Fmedia&parent=18"}],"curies":[{"name":"wp","href":"https:\/\/api.w.org\/{rel}","templated":true}]}}